 be t/(-5) + (-6)/(-10). Suppose -5*f + w = a - 83, 103 = 4*f + 3*a. What is the units digit of f?
5
Let t(v) = -v**2 - v - 1. Let s(o) = 2*o**2 + 28*o + 6. Let z(c) = -s(c) - t(c). What is the hundreds digit of z(-9)?
1
Suppose -4*l = l - 20. Suppose 5*f - 5*t = 60, l*f + t = -t + 78. What is the tens digit of f?
1
Let o(b) = 2*b**3 + b**2 + 2*b - 8. What is the tens digit of o(4)?
4
Suppose 3*z - 2079 = 1179. What is the hundreds digit of z?
0
Let s(t) = 41*t - 19. Let i be s(6). Suppose 76 = 3*v - i. What is the tens digit of v?
0
Let t = 32 + -11. Let l = t - 17. Suppose 0 = -7*q + l*q + 108. What is the units digit of q?
6
What is the hundreds digit of -2*((-748)/8 + -6)?
1
Let j be 1/((-3 - -6)/(-18)). Let i = 69 - j. What is the tens digit of i?
7
Suppose 4*d - 4054 = -37*v + 32*v, -4*v = 4*d - 3244. What is the hundreds digit of v?
8
Let a(y) = 5*y**3 - 7*y**2 + 6*y - 1. Let n(c) = -16*c**2 + 14*c**3 + 18*c - 4*c**2 - c**2 - 4. Let m(q) = 11*a(q) - 4*n(q). What is the tens digit of m(5)?
2
Suppose 0*l = -2*l + 248. Suppose -5*o - 223 = -w + 5*w, 0 = -4*w + o - 253. Let s = l + w. What is the tens digit of s?
6
Let r = 9 - 5. Let x be (-2)/10 + (-192)/(-10). Suppose 5*c - r*c = x. What is the units digit of c?
9
Let a = 668 + -456. What is the tens digit of a?
1
Let z be 0/(-4 - 2 - -2). Suppose -4*l + 2 = -3*l + k, z = 2*l + 4*k - 8. Let w = 45 - l. What is the units digit of w?
5
Let w = -970 + 1489. What is the tens digit of w?
1
What is the hundreds digit of (-4590)/(-13) + (-23)/299?
3
Let h(g) = -g**3 + 23*g**2 + 3. Let r be h(23). Suppose -680 = -5*c - 3*m + 4*m, 0 = -2*c + r*m + 259. What is the hundreds digit of c?
1
Suppose 2*i = n, -i - 14 = 2*i - 5*n. Suppose -i*a - 118 = -3*a + 5*r, r = 5*a - 590. What is the hundreds digit of a?
1
Suppose -6*x + 30*x = 504. What is the units digit of x?
1
Suppose 3*n + 6 = -3*q + 669, -3*n = 5*q - 673. What is the units digit of n?
6
Suppose 333*d - 4*s = 336*d - 3488, 0 = d + 5*s - 1181. What is the tens digit of d?
5
Suppose 3*o = -3*v + 4020, -5*o + 12*v - 9*v = -6668. What is the units digit of o?
6
Let r be 125/40 + -3 + (-1551)/(-8). Let l = r + -131. What is the tens digit of l?
6
Let o(a) = -1162*a - 8. What is the thousands digit of o(-1)?
1
Let t be -3*10/3*2. Let c be (-2 + t/(-12))*-42. Let u = 41 - c. What is the tens digit of u?
2
Let x be -11*(-80 - 3) - 0. Let a = -602 + x. What is the hundreds digit of a?
3
Suppose 3*x = 5 - 2. What is the units digit of -4*x + (-1088)/(-16)?
4
Suppose 4*h + 317 = q, 2*q + 50 - 714 = 2*h. What is the hundreds digit of q?
3
What is the units digit of (1/2 - 1)*(-75712)/32?
3
Let z = 55 - 49. Suppose 0 = c, 430 = -w + z*w - 2*c. What is the tens digit of w?
8
What is the hundreds digit of (1836/24)/((-2)/(-4))?
1
Let b = -37 + 167. Let i = 357 - b. What is the hundreds digit of i?
2
Suppose 384 = 434*t - 433*t. What is the hundreds digit of t?
3
Let v(g) = -2*g + 8. Let d be v(6). What is the hundreds digit of (474/d)/(-3)*4?
1
Let n = -6 - -190. Suppose -n = s - 5*s. What is the tens digit of s?
4
Let q be (14/2)/((-7)/(-21)). Suppose 18*c = q*c - 87. What is the units digit of c?
9
Let c(b) = b**3 - 5*b**2 + b - 5. Let y be c(5). Suppose y = s - 37 + 6. What is the tens digit of s?
3
Let j(k) = 7*k + 2. Let c be j(-5). Let h(g) = g**2 + 11*g + 1. Let w be h(-11). Let r = w - c. What is the units digit of r?
4
Suppose -b + 2 = -2. Let i be -1 + (-20)/(-5) - 17. Let j = b - i. What is the tens digit of j?
1
Let l = 618 - -15. What is the tens digit of l?
3
Let z(v) = v**3 + v + 28. Let s be z(0). Suppose s = 5*y + 8. Suppose y*k - 16 = 44. What is the units digit of k?
5
Suppose 10 = 5*n + q, 7 = 4*n + q - 0. Suppose 4*v + o = 20, -n*o + 20 = v + o. Suppose -x - v = -55. What is the tens digit of x?
5
Let s(j) be the third derivative of -j**6/120 - j**5/10 + 5*j**4/24 + j**3/6 - 2*j**2. Let c be s(-7). Suppose -6 = -c*w + 12*w. What is the units digit of w?
2
Let k be 39 - (0/3 - -2). Suppose 0 = -3*q - z + 35, -4*q + q - 2*z + k = 0. What is the units digit of q?
1
Suppose 0 = 3*o + 3, -382 = -x - 2*o - o. What is the units digit of x?
5
Let v = 364 - -22. What is the units digit of v?
6
Suppose -2*w + 77 = -603. What is the hundreds digit of w?
3
What is the tens digit of 5/5 - (0 - 3 - 487)?
9
Let t be ((-512)/(-3))/((-7)/21) - -2. Let p = -288 - t. What is the hundreds digit of p?
2
Let w = -1927 - -792. Let h be 1/4 - w/20. Suppose 28 + h = 5*k. What is the tens digit of k?
1
Let t be (-3 - 186)/(15/(-10)). Suppose 2*f - w = w + t, 0 = -5*w. What is the tens digit of f?
6
Let k = -55 + 23. What is the units digit of 8/k + 3476/16?
7
Suppose 2*v + 19 - 171 = 0. Suppose j + v = 5*j. Let y = j + 8. What is the tens digit of y?
2
Let y = 47 + -3. Let l = y - -20. What is the tens digit of l?
6
Let c(s) = 21 + 2*s - s - 17. Let d be c(10). Suppose -4*j + d = -3*j. What is the tens digit of j?
1
Let s = -691 - -2326. What is the units digit of s?
5
Let x(h) be the second derivative of h**3/2 - 11*h**2/2 + 5*h. What is the units digit of x(5)?
4
Let w = -43 + 46. Suppose 2*h - g = 205, -w*h = 3*g - g - 297. What is the hundreds digit of h?
1
Let o(f) = -2*f - 7. Suppose 0 = 2*s + n - 1, 3*s + 2 = 6*s + 2*n. Suppose s = 3*k + 2*k + 60. What is the units digit of o(k)?
7
Let u be 2/4 - (-18)/4. Suppose 99 = u*n + 2*v, -2*n = v - 40 - 0. What is the units digit of n?
9
Let m(g) = 96 - 5*g + 4*g + 4*g**2 + 72 - 34. What is the units digit of m(0)?
4
Suppose m = -0*c - 4*c - 9, -c = 3. Suppose m*k - 207 = -21. What is the units digit of k?
2
Let o = -17 + 15. Let t = -4 + o. Let s(z) = -5*z + 4. What is the units digit of s(t)?
4
Suppose -5*a + 0*a = 5. Let j(k) = -75*k**3 + 2*k + 1. What is the tens digit of j(a)?
7
Suppose -491 = 6*i - 3743. What is the tens digit of i?
4
Let n(s) = -184*s - 20. What is the hundreds digit of n(-1)?
1
Let g = 190 - 78. Let s = -74 + g. What is the units digit of s?
8
Let k = 11 - -70. What is the units digit of k?
1
Suppose 22*u = 11*u + 4862. What is the units digit of u?
2
Suppose 178*a - 17152 = 174*a. What is the tens digit of a?
8
Suppose -2*b + 421 = -3*c, b - 4*c = -9*c + 204. What is the hundreds digit of b?
2
Suppose 475 = v + 18*v. Suppose 1 = -k + 5. Suppose -k*h - h + v = 0. What is the units digit of h?
5
Let k(o) = -26*o + 4. Let t be k(9). Let u = t - -383. Suppose 0*v + u = 3*v. What is the tens digit of v?
5
Let l be ((-1)/(12/351))/(9/(-24)). Let p = 214 - l. What is the units digit of p?
6
What is the tens digit of (34/(-4))/(9/(-1044))?
8
Let t be (-3)/((-36)/(-548))*-6. Suppose 0 = -n - 2*f - 16, 5*n + 63 = -4*f + 13. What is the units digit of n/15 - t/(-10)?
7
What is the tens digit of (-232)/(-145)*430/((-4)/(-2))?
4
Suppose -w + 1 = -3. Suppose -55 = -w*a + 53. What is the units digit of a?
7
Let v(t) = t**2 + 2*t - 3*t + 6 + 2*t + 39. What is the units digit of v(0)?
5
Let p = 11 - -211. Suppose 3*u - u = -4*c + p, 0 = 2*u + 2. What is the units digit of c?
6
Suppose -9 = -2*c + 3. Suppose 5 + 7 = c*u. Suppose u*l = 3*w + 43, 2*w + 10 = -0*w. What is the tens digit of l?
1
Let t = -211 + 87. Let a be t*(1/2)/(-1). Suppose -u - 5*h = -60, 4*h - 85 - a = -3*u. What is the tens digit of u?
4
Let y(v) = 30*v**2 - 10. What is the tens digit of y(-5)?
4
Suppose -5*n = -3*y + 69, -4*n + 40 = -0*y + y. What is the tens digit of (62/4)/(y/(-8) - -4)?
3
Let q = 19 - 11. What is the tens digit of 1644/16 - (-2)/q?
0
Suppose -5*j = 4*c + 340, 0 = 4*c - 4 - 16. Let g = -37 - j. What is the tens digit of g?
3
What is the units digit of (-18386)/(-6) - (-7)/(8 - 29)?
4
Let z = -2335 - -4015. What is the hundreds digit of z?
6
Let i(a) = -a + 21. Let c be i(15). Let l = -3 + c. Suppose -2*u + l*m = -4, 6*u - 20 = 4*u - 5*m. What is the units digit of u?
5
Suppose -3*z = -5*o + 16202, 21*z - 24*z + 9702 = 3*o. What is the hundreds digit of o?
2
Let b be (-151 + (2 - 3))*4. Let m be b/(-12) + (-8)/12. Let v = m - 12. What is the units digit of v?
8
Let f = 384 - 133. Suppose -4*x = 20, 4*x - f = -3*h + 2*x. What is the units digit of h?
7
Let j be -3*3/(9/(-15)). Suppose j*b + 12 = 19*b. Suppose -5*i + 119 = b*r - 18, 4*i - 136 = -3*r. What is the units digit of r?
4
Let x(c) = -8*c + 168. What is the